{"id":306,"date":"2021-04-28T13:31:46","date_gmt":"2021-04-28T13:31:46","guid":{"rendered":"https:\/\/liceochiguayante.cl\/?page_id=306"},"modified":"2021-10-06T10:36:01","modified_gmt":"2021-10-06T10:36:01","slug":"educacion-parvularia","status":"publish","type":"page","link":"https:\/\/liceochiguayante.cl\/index.php\/educacion-parvularia\/","title":{"rendered":"Educaci\u00f3n Parvularia"},"content":{"rendered":"\n<figure class=\"wp-block-image size-large\"><img loading=\"lazy\" width=\"626\" height=\"442\" src=\"https:\/\/liceochiguayante.cl\/wp-content\/uploads\/2021\/10\/Parbularia-Web.jpg\" alt=\"\" class=\"wp-image-419\" srcset=\"https:\/\/liceochiguayante.cl\/wp-content\/uploads\/2021\/10\/Parbularia-Web.jpg 626w, https:\/\/liceochiguayante.cl\/wp-content\/uploads\/2021\/10\/Parbularia-Web-300x212.jpg 300w\" sizes=\"(max-width: 626px) 100vw, 626px\" \/><\/figure>\n\n\n\n<p>Una\u00a0<strong>educaci\u00f3n parvularia<\/strong>\u00a0de calidad entrega beneficios para los ni\u00f1os en todos los \u00e1mbitos de su desarrollo. Aporta aprendizajes relevantes para toda la vida. \u00c9stos se pueden organizar de diferentes maneras.  Su participaci\u00f3n resulta fundamental en el proceso de aprendizaje de los ni\u00f1os.<\/p>\n","protected":false},"excerpt":{"rendered":"<p>Una\u00a0educaci\u00f3n parvularia\u00a0de calidad entrega beneficios para los ni\u00f1os en todos los \u00e1mbitos de su desarrollo. Aporta aprendizajes relevantes para toda la vida. \u00c9stos se pueden organizar de diferentes maneras. Su participaci\u00f3n resulta fundamental en el proceso de aprendizaje de los ni\u00f1os.<\/p>\n","protected":false},"author":1,"featured_media":0,"parent":0,"menu_order":0,"comment_status":"closed","ping_status":"closed","template":"","meta":{"advgb_blocks_editor_width":"","advgb_blocks_columns_visual_guide":""},"yoast_head":"<!-- This site is optimized with the Yoast SEO plugin v19.0 - https:\/\/yoast.com\/wordpress\/plugins\/seo\/ -->\n<title>Educaci\u00f3n Parvularia - LICEO CHIGUAYANTE - Prekinder hasta 4 Medio<\/title>\n<meta name=\"robots\" content=\"index, follow, max-snippet:-1, max-image-preview:large, max-video-preview:-1\" \/>\n<link rel=\"canonical\" href=\"https:\/\/liceochiguayante.cl\/index.php\/educacion-parvularia\/\" \/>\n<meta property=\"og:locale\" content=\"es_ES\" \/>\n<meta property=\"og:type\" content=\"article\" \/>\n<meta property=\"og:title\" content=\"Educaci\u00f3n Parvularia - LICEO CHIGUAYANTE - Prekinder hasta 4 Medio\" \/>\n<meta property=\"og:description\" content=\"Una\u00a0educaci\u00f3n parvularia\u00a0de calidad entrega beneficios para los ni\u00f1os en todos los \u00e1mbitos de su desarrollo. Aporta aprendizajes relevantes para toda la vida. \u00c9stos se pueden organizar de diferentes maneras. Su participaci\u00f3n resulta fundamental en el proceso de aprendizaje de los ni\u00f1os.\" \/>\n<meta property=\"og:url\" content=\"https:\/\/liceochiguayante.cl\/index.php\/educacion-parvularia\/\" \/>\n<meta property=\"og:site_name\" content=\"LICEO CHIGUAYANTE - Prekinder hasta 4 Medio\" \/>\n<meta property=\"article:publisher\" content=\"https:\/\/es-la.facebook.com\/polivalenteChiguayante\/\" \/>\n<meta property=\"article:modified_time\" content=\"2021-10-06T10:36:01+00:00\" \/>\n<meta property=\"og:image\" content=\"https:\/\/liceochiguayante.cl\/wp-content\/uploads\/2021\/10\/Parbularia-Web.jpg\" \/>\n<meta name=\"twitter:card\" content=\"summary_large_image\" \/>\n<script type=\"application\/ld+json\" class=\"yoast-schema-graph\">{\"@context\":\"https:\/\/schema.org\",\"@graph\":[{\"@type\":\"Organization\",\"@id\":\"https:\/\/liceochiguayante.cl\/#organization\",\"name\":\"Liceo Chiguayante\",\"url\":\"https:\/\/liceochiguayante.cl\/\",\"sameAs\":[\"https:\/\/www.instagram.com\/liceo_chiguayante\/\",\"https:\/\/www.youtube.com\/channel\/UCnkl_ClR0sG6sMXe9JMdLmg\",\"https:\/\/es-la.facebook.com\/polivalenteChiguayante\/\"],\"logo\":{\"@type\":\"ImageObject\",\"inLanguage\":\"es\",\"@id\":\"https:\/\/liceochiguayante.cl\/#\/schema\/logo\/image\/\",\"url\":\"https:\/\/liceochiguayante.cl\/wp-content\/uploads\/2021\/04\/liceo-logo-s500.png\",\"contentUrl\":\"https:\/\/liceochiguayante.cl\/wp-content\/uploads\/2021\/04\/liceo-logo-s500.png\",\"width\":435,\"height\":500,\"caption\":\"Liceo Chiguayante\"},\"image\":{\"@id\":\"https:\/\/liceochiguayante.cl\/#\/schema\/logo\/image\/\"}},{\"@type\":\"WebSite\",\"@id\":\"https:\/\/liceochiguayante.cl\/#website\",\"url\":\"https:\/\/liceochiguayante.cl\/\",\"name\":\"LICEO CHIGUAYANTE - Prekinder hasta 4 Medio\",\"description\":\"&ldquo;Educando Lideres con Afecto, Cultura e Innovaci&oacute;n&rdquo; - Excelencia Acad&eacute;mica 2024-2025\",\"publisher\":{\"@id\":\"https:\/\/liceochiguayante.cl\/#organization\"},\"potentialAction\":[{\"@type\":\"SearchAction\",\"target\":{\"@type\":\"EntryPoint\",\"urlTemplate\":\"https:\/\/liceochiguayante.cl\/?s={search_term_string}\"},\"query-input\":\"required name=search_term_string\"}],\"inLanguage\":\"es\"},{\"@type\":\"ImageObject\",\"inLanguage\":\"es\",\"@id\":\"https:\/\/liceochiguayante.cl\/index.php\/educacion-parvularia\/#primaryimage\",\"url\":\"https:\/\/liceochiguayante.cl\/wp-content\/uploads\/2021\/10\/Parbularia-Web.jpg\",\"contentUrl\":\"https:\/\/liceochiguayante.cl\/wp-content\/uploads\/2021\/10\/Parbularia-Web.jpg\",\"width\":626,\"height\":442},{\"@type\":\"WebPage\",\"@id\":\"https:\/\/liceochiguayante.cl\/index.php\/educacion-parvularia\/#webpage\",\"url\":\"https:\/\/liceochiguayante.cl\/index.php\/educacion-parvularia\/\",\"name\":\"Educaci\u00f3n Parvularia - LICEO CHIGUAYANTE - Prekinder hasta 4 Medio\",\"isPartOf\":{\"@id\":\"https:\/\/liceochiguayante.cl\/#website\"},\"primaryImageOfPage\":{\"@id\":\"https:\/\/liceochiguayante.cl\/index.php\/educacion-parvularia\/#primaryimage\"},\"datePublished\":\"2021-04-28T13:31:46+00:00\",\"dateModified\":\"2021-10-06T10:36:01+00:00\",\"breadcrumb\":{\"@id\":\"https:\/\/liceochiguayante.cl\/index.php\/educacion-parvularia\/#breadcrumb\"},\"inLanguage\":\"es\",\"potentialAction\":[{\"@type\":\"ReadAction\",\"target\":[\"https:\/\/liceochiguayante.cl\/index.php\/educacion-parvularia\/\"]}]},{\"@type\":\"BreadcrumbList\",\"@id\":\"https:\/\/liceochiguayante.cl\/index.php\/educacion-parvularia\/#breadcrumb\",\"itemListElement\":[{\"@type\":\"ListItem\",\"position\":1,\"name\":\"Portada\",\"item\":\"https:\/\/liceochiguayante.cl\/\"},{\"@type\":\"ListItem\",\"position\":2,\"name\":\"Educaci\u00f3n Parvularia\"}]}]}<\/script>\n<!-- \/ Yoast SEO plugin. -->","yoast_head_json":{"title":"Educaci\u00f3n Parvularia - LICEO CHIGUAYANTE - Prekinder hasta 4 Medio","robots":{"index":"index","follow":"follow","max-snippet":"max-snippet:-1","max-image-preview":"max-image-preview:large","max-video-preview":"max-video-preview:-1"},"canonical":"https:\/\/liceochiguayante.cl\/index.php\/educacion-parvularia\/","og_locale":"es_ES","og_type":"article","og_title":"Educaci\u00f3n Parvularia - LICEO CHIGUAYANTE - Prekinder hasta 4 Medio","og_description":"Una\u00a0educaci\u00f3n parvularia\u00a0de calidad entrega beneficios para los ni\u00f1os en todos los \u00e1mbitos de su desarrollo. Aporta aprendizajes relevantes para toda la vida. \u00c9stos se pueden organizar de diferentes maneras. Su participaci\u00f3n resulta fundamental en el proceso de aprendizaje de los ni\u00f1os.","og_url":"https:\/\/liceochiguayante.cl\/index.php\/educacion-parvularia\/","og_site_name":"LICEO CHIGUAYANTE - Prekinder hasta 4 Medio","article_publisher":"https:\/\/es-la.facebook.com\/polivalenteChiguayante\/","article_modified_time":"2021-10-06T10:36:01+00:00","og_image":[{"url":"https:\/\/liceochiguayante.cl\/wp-content\/uploads\/2021\/10\/Parbularia-Web.jpg"}],"twitter_card":"summary_large_image","schema":{"@context":"https:\/\/schema.org","@graph":[{"@type":"Organization","@id":"https:\/\/liceochiguayante.cl\/#organization","name":"Liceo Chiguayante","url":"https:\/\/liceochiguayante.cl\/","sameAs":["https:\/\/www.instagram.com\/liceo_chiguayante\/","https:\/\/www.youtube.com\/channel\/UCnkl_ClR0sG6sMXe9JMdLmg","https:\/\/es-la.facebook.com\/polivalenteChiguayante\/"],"logo":{"@type":"ImageObject","inLanguage":"es","@id":"https:\/\/liceochiguayante.cl\/#\/schema\/logo\/image\/","url":"https:\/\/liceochiguayante.cl\/wp-content\/uploads\/2021\/04\/liceo-logo-s500.png","contentUrl":"https:\/\/liceochiguayante.cl\/wp-content\/uploads\/2021\/04\/liceo-logo-s500.png","width":435,"height":500,"caption":"Liceo Chiguayante"},"image":{"@id":"https:\/\/liceochiguayante.cl\/#\/schema\/logo\/image\/"}},{"@type":"WebSite","@id":"https:\/\/liceochiguayante.cl\/#website","url":"https:\/\/liceochiguayante.cl\/","name":"LICEO CHIGUAYANTE - Prekinder hasta 4 Medio","description":"&ldquo;Educando Lideres con Afecto, Cultura e Innovaci&oacute;n&rdquo; - Excelencia Acad&eacute;mica 2024-2025","publisher":{"@id":"https:\/\/liceochiguayante.cl\/#organization"},"potentialAction":[{"@type":"SearchAction","target":{"@type":"EntryPoint","urlTemplate":"https:\/\/liceochiguayante.cl\/?s={search_term_string}"},"query-input":"required name=search_term_string"}],"inLanguage":"es"},{"@type":"ImageObject","inLanguage":"es","@id":"https:\/\/liceochiguayante.cl\/index.php\/educacion-parvularia\/#primaryimage","url":"https:\/\/liceochiguayante.cl\/wp-content\/uploads\/2021\/10\/Parbularia-Web.jpg","contentUrl":"https:\/\/liceochiguayante.cl\/wp-content\/uploads\/2021\/10\/Parbularia-Web.jpg","width":626,"height":442},{"@type":"WebPage","@id":"https:\/\/liceochiguayante.cl\/index.php\/educacion-parvularia\/#webpage","url":"https:\/\/liceochiguayante.cl\/index.php\/educacion-parvularia\/","name":"Educaci\u00f3n Parvularia - LICEO CHIGUAYANTE - Prekinder hasta 4 Medio","isPartOf":{"@id":"https:\/\/liceochiguayante.cl\/#website"},"primaryImageOfPage":{"@id":"https:\/\/liceochiguayante.cl\/index.php\/educacion-parvularia\/#primaryimage"},"datePublished":"2021-04-28T13:31:46+00:00","dateModified":"2021-10-06T10:36:01+00:00","breadcrumb":{"@id":"https:\/\/liceochiguayante.cl\/index.php\/educacion-parvularia\/#breadcrumb"},"inLanguage":"es","potentialAction":[{"@type":"ReadAction","target":["https:\/\/liceochiguayante.cl\/index.php\/educacion-parvularia\/"]}]},{"@type":"BreadcrumbList","@id":"https:\/\/liceochiguayante.cl\/index.php\/educacion-parvularia\/#breadcrumb","itemListElement":[{"@type":"ListItem","position":1,"name":"Portada","item":"https:\/\/liceochiguayante.cl\/"},{"@type":"ListItem","position":2,"name":"Educaci\u00f3n Parvularia"}]}]}},"coauthors":[],"author_meta":{"author_link":"https:\/\/liceochiguayante.cl\/index.php\/author\/admin\/","display_name":"admin"},"relative_dates":{"created":"Publicado 5 a\u00f1os hace","modified":"Actualizado 5 a\u00f1os hace"},"absolute_dates":{"created":"Publicado el 28\/04\/2021","modified":"Actualizado el 06\/10\/2021"},"absolute_dates_time":{"created":"Publicado el 28\/04\/2021 13:31","modified":"Actualizado el 06\/10\/2021 10:36"},"featured_img_caption":"","featured_img":false,"series_order":"","uagb_featured_image_src":{"full":false,"thumbnail":false,"medium":false,"medium_large":false,"large":false,"1536x1536":false,"2048x2048":false,"twentyseventeen-featured-image":false,"twentyseventeen-thumbnail-avatar":false},"uagb_author_info":{"display_name":"admin","author_link":"https:\/\/liceochiguayante.cl\/index.php\/author\/admin\/"},"uagb_comment_info":0,"uagb_excerpt":"Una\u00a0educaci\u00f3n parvularia\u00a0de calidad entrega beneficios para los ni\u00f1os en todos los \u00e1mbitos de su desarrollo. Aporta aprendizajes relevantes para toda la vida. \u00c9stos se pueden organizar de diferentes maneras. Su participaci\u00f3n resulta fundamental en el proceso de aprendizaje de los ni\u00f1os.","_links":{"self":[{"href":"https:\/\/liceochiguayante.cl\/index.php\/wp-json\/wp\/v2\/pages\/306"}],"collection":[{"href":"https:\/\/liceochiguayante.cl\/index.php\/wp-json\/wp\/v2\/pages"}],"about":[{"href":"https:\/\/liceochiguayante.cl\/index.php\/wp-json\/wp\/v2\/types\/page"}],"author":[{"embeddable":true,"href":"https:\/\/liceochiguayante.cl\/index.php\/wp-json\/wp\/v2\/users\/1"}],"replies":[{"embeddable":true,"href":"https:\/\/liceochiguayante.cl\/index.php\/wp-json\/wp\/v2\/comments?post=306"}],"version-history":[{"count":3,"href":"https:\/\/liceochiguayante.cl\/index.php\/wp-json\/wp\/v2\/pages\/306\/revisions"}],"predecessor-version":[{"id":421,"href":"https:\/\/liceochiguayante.cl\/index.php\/wp-json\/wp\/v2\/pages\/306\/revisions\/421"}],"wp:attachment":[{"href":"https:\/\/liceochiguayante.cl\/index.php\/wp-json\/wp\/v2\/media?parent=306"}],"curies":[{"name":"wp","href":"https:\/\/api.w.org\/{rel}","templated":true}]}}